= -x**3 + 12*x**2 + 184*x - 867. Determine k(4).
-3
Let t(d) = -3*d + 82. Give t(15).
37
Let y(r) = -r**2 - 35*r - 312. Determine y(-13).
-26
Let j(v) = 2587*v - 7800. What is j(3)?
-39
Let d(s) = -3*s**2 + 13*s + 133. Determine d(7).
77
Let z(k) = k**2 - 9*k - 501. Calculate z(27).
-15
Let j(m) = 20*m - 2548. Determine j(128).
12
Let h(c) = 2*c**3 + 24*c**2 + 4*c + 14. Calculate h(-13).
-376
Let x(i) = 3*i**2 + 6*i - 239. Calculate x(7).
-50
Let j(z) = z**2 - 64*z + 609. Give j(56).
161
Let v(i) = i**3 + i**2 + 2*i + 106. What is v(0)?
106
Let n(c) = -91*c + 1556. Determine n(17).
9
Let x(d) = -d**2 + 2*d + 39. Give x(-12).
-129
Let i(p) = -p**2 + 3358*p - 33474. Determine i(10).
6
Let d(b) = b**3 - 51*b**2 + 618*b + 77. Calculate d(31).
15
Let m(w) = -3668*w + 10994. Give m(3).
-10
Let q(u) = -91*u + 286. Calculate q(5).
-169
Let p(k) = 3*k**2 - 41*k - 29. What is p(19)?
275
Let u(q) = -14139*q + 98961. What is u(7)?
-12
Let x(h) = -18*h + 1316. Give x(73).
2
Let c(t) = -228*t + 1322. Give c(6).
-46
Let w(z) = -z**2 + 68*z - 1116. Determine w(41).
-9
Let t(m) = -m**2 - 28*m + 270. Give t(-35).
25
Let g(l) = -l**2 - 99*l - 535. Calculate g(-6).
23
Let q(o) = o**2 + 2*o + 68. What is q(11)?
211
Let o(r) = 7*r**2 - 268*r + 789. What is o(35)?
-16
Let w(m) = -m**3 + 14*m**2 + 290*m - 12. Give w(26).
-584
Let u(h) = 18*h**2 - 274*h + 55. Give u(15).
-5
Let z(i) = i**2 - 4*i - 47. Give z(10).
13
Let r(z) = -2*z**3 - 3*z**2 - 13*z - 37. Determine r(-2).
-7
Let s(u) = -2*u**2 + 15*u + 148. Calculate s(17).
-175
Let a(c) = 32*c + 89. Determine a(-3).
-7
Let n(h) = h**2 + 114*h + 3177. What is n(-48)?
9
Let x(w) = -5*w**3 + 118*w**2 - 73*w + 83. What is x(23)?
-9
Let q(a) = -824*a - 7461. Give q(-9).
-45
Let v(l) = -24*l - 1185. Calculate v(-61).
279
Let x(o) = -o**2 + 7384*o - 36916. Determine x(5).
-21
Let v(r) = 130*r**2 + 9*r + 9. Determine v(-1).
130
Let x(l) = -124*l - 328. What is x(-3)?
44
Let a(h) = -304*h + 900. Calculate a(3).
-12
Let i(q) = 15*q**2 - 43*q + 11. Give i(8).
627
Let s(t) = -4350*t - 230550. Calculate s(-53).
0
Let c(s) = s**3 - 18*s**2 - 547*s - 97. Determine c(-16).
-49
Let f(h) = h**2 - 6*h - 72. Determine f(12).
0
Let r(q) = 2*q + 194. Calculate r(-10).
174
Let x(r) = 56*r**2 - r + 1. What is x(-1)?
58
Let w(s) = -3*s**2 + 2*s + 239. Calculate w(9).
14
Let u(h) = -98*h + 1282. Determine u(13).
8
Let l(u) = 10*u**3 + 1069*u**2 - 107*u + 5. Calculate l(-107).
5
Let z(s) = 4*s**3 + s**2 - 15*s - 17. Determine z(-4).
-197
Let i(a) = a**2 + 6*a - 80. What is i(11)?
107
Let r(x) = -3*x**2 - 18*x - 10. Determine r(-1).
5
Let d(p) = 9*p**2 + 20*p - 13. Determine d(-3).
8
Let z(k) = 31*k - 119. Give z(4).
5
Let k(o) = o**2 - 431*o - 3412. What is k(-8)?
100
Let o(u) = u**3 - 32*u**2 + 274*u - 7536. Calculate o(31).
-3
Let k(o) = -2*o**3 + 8*o**2 + 42*o + 10. Determine k(-3).
10
Let f(o) = -4*o**3 - 13*o**2 - 17*o + 8. Calculate f(-6).
506
Let y(w) = -3*w**2 + 93*w - 266. Determine y(3).
-14
Let h(i) = -i**2 + 95*i - 1530. Give h(26).
264
Let z(i) = -2*i**3 - 8*i**2 + 8*i - 3. Calculate z(-8).
445
Let v(h) = 281*h - 1098. Determine v(4).
26
Let b(w) = -2*w**3 - 20*w**2 + 11*w + 83. Give b(-10).
-27
Let r(m) = m**3 + 38*m**2 + 221*m + 102. Give r(-31).
-22
Let z(x) = -x**3 + 58*x**2 + 65*x - 217. Determine z(59).
137
Let l(v) = v**2 - 67*v - 3291. What is l(100)?
9
Let h(q) = 412*q + 2464. Calculate h(-6).
-8
Let k(s) = -s**3 + 14*s**2 + 3*s + 168. What is k(15)?
-12
Let v(x) = x**2 + 109*x - 2147. Give v(17).
-5
Let u(k) = k**3 - 14*k**2 - 116*k + 398. Give u(19).
-1
Let h(p) = -p**3 - 58*p**2 - 514*p + 104. Calculate h(-47).
-37
Let r(m) = -15*m + 136. What is r(9)?
1
Let n(p) = -36*p + 685. What is n(20)?
-35
Let v(x) = -13*x - 79. Determine v(-1).
-66
Let t(x) = 5*x**2 - 37*x + 37. Give t(15).
607
Let u(j) = 3*j**2 - 32*j - 58. Determine u(-2).
18
Let l(o) = 38*o**2 + 1138*o + 42. Determine l(-30).
102
Let z(r) = -r**3 - 17*r**2 + 34*r - 17. What is z(-18)?
-305
Let b(k) = -2*k**2 - 33*k + 514. What is b(22)?
-1180
Let p(f) = -3*f**2 + 801*f - 1594. Give p(2).
-4
Let u(k) = 147*k - 672. Give u(6).
210
Let a(k) = 31*k - 1640. Determine a(53).
3
Let n(o) = 3*o**2 + 16*o - 187. Give n(6).
17
Let v(s) = 5*s**3 + 20*s**2 - 94*s - 370. What is v(-4)?
6
Let j(c) = -5*c**3 + c**2 + 77*c - 201. Determine j(3).
-96
Let s(a) = 35*a - 6. Calculate s(1).
29
Let r(w) = 210*w + 30456. Determine r(-145).
6
Let t(x) = 7*x - 235. Determine t(47).
94
Let o(t) = -18*t + 236. Calculate o(15).
-34
Let m(g) = -67456*g - 404734. Determine m(-6).
2
Let z(h) = 15*h + 127. What is z(-7)?
22
Let p(t) = 182*t - 3913. Determine p(22).
91
Let o(k) = -593*k - 595. Calculate o(-1).
-2
Let f(n) = 414*n - 4973. Calculate f(12).
-5
Let x(i) = 3*i**2 + 26*i + 181. Give x(-12).
301
Let i(c) = -51*c - 6278. Calculate i(-123).
-5
Let b(z) = -20*z - 452. Calculate b(-24).
28
Let s(j) = -912*j + 20979. Calculate s(23).
3
Let v(l) = -6*l**3 - 33*l**2 - 43*l - 5. Determine v(-5).
135
Let p(o) = -14*o - 56. Give p(3).
-98
Let u(g) = 7*g + 32. What is u(13)?
123
Let f(u) = -176*u + 12129. Determine f(69).
-15
Let z(s) = s**3 - 17*s**2 - 231*s + 37. Calculate z(-9).
10
Let g(w) = w**3 - 100*w**2 + 194*w + 199. Determine g(98).
3
Let m(u) = -28*u + 2466. Calculate m(90).
-54
Let x(o) = -o**3 - 112*o**2 + 348*o + 452. Determine x(-115).
107
Let b(w) = -w**3 + 11*w**2 - 2*w + 35. What is b(11)?
13
Let z(b) = 285*b - 1420. Determine z(5).
5
Let a(y) = -202*y - 1207. What is a(-6)?
5
Let j(l) = 756*l - 6. What is j(0)?
-6
Let p(w) = 2540*w - 111763. Calculate p(44).
-3
Let k(c) = 3*c**3 - 3*c**2 - 14*c + 44. Give k(5).
274
Let r(h) = 37*h**3 + 2*h**2 - 2*h + 1. Give r(1).
38
Let y(p) = 2*p**2 - 6*p - 15. What is y(6)?
21
Let y(f) = -26*f**2 - 41*f + 80. Calculate y(2).
-106
Let l(n) = -14*n**2 + 50*n + 54. What is l(-1)?
-10
Let w(z) = 2*z**2 - 40*z + 61. Determine w(10).
-139
Let w(r) = -32*r + 165. Give w(5).
5
Let i(t) = -t**3 + 92*t**2 + 89*t + 374. Determine i(93).
2
Let v(l) = -539*l + 15073. Calculate v(28).
-19
Let m(g) = -g**3 - 10*g**2 - 18*g + 37. Give m(-7).
16
Let r(m) = 51*m - 83. Give r(2).
19
Let v(m) = 3*m - 107. What is v(43)?
22
Let n(g) = -912*g - 4566. Calculate n(-5).
-6
Let i(h) = h**3 + 14*h**2 + 25*h + 6. What is i(-13)?
-150
Let m(d) = -3*d**3 - 14*d**2 - 27*d + 7. Calculate m(-2).
29
Let w(i) = i**3 + 55*i**2 + 113*i + 374. Determine w(-53).
3
Let n(l) = -81*l - 693. Determine n(-11).
198
Let n(h) = h - 65. Determine n(17).
-48
Let a(m) = -504*m + 4064. Determine a(8).
32
Let p(j) = -183*j**2 + 15*j + 23. What is p(-1)?
-175
Let r(a) = -12*a**2 + 22*a + 8. Determine r(2).
4
Let v(k) = 255*k + 13517. What is v(-53)?
2
Let t(g) = 16*g**3 + 1237*g**2 + 384*g - 83. Calculate t(-77).
-6
Let d(s) = s**3 - 13*s**2 - 3*s - 185. Determine d(14).
-31
Let z(b) = -b**2 - 6243*b + 37486. Give z(6).
-8
Let s(k) = -1044*k - 67860. Calculate s(-65).
0
Let f(k) = 3*k**2 - 45*k - 557. What is f(-8)?
-5
Let f(h) = -229*h + 776. What is f(5)?
-369
Let j(c) = -5*c**2 + 184*c - 905. Calculate j(31).
-6
Let w(s) = -12*s**3 + s**2 - 11*s - 12. Determine w(-1).
12
Let a(z) = 3*z**2 + 136*z - 53. Determine a(-46).
39
Let g(f) = -f**3 + 22*f**2 - 104*f - 10. Calculate g(12).
182
Let f(u) = -u**3 + 37*u**2 - 62*u - 21. Calculate f(2).
-5
Let u(b) = b**3 + 8*b**2 + 26. Give u(-9).
-55
Let g(l) = 214*l + 22478. What is g(-105)?
8
Let u(k) = -2*k**3 + 9*k**2 + 24*k - 100. Calculate u(4).
12
Let n(z) = 50*z - 3394. What is n(68)?
6
Let a(y) = 3*y**3 - 21*y**2 + 10*y - 78. Calculate a(7).
-8
Let j(t) = 3293*t - 85625. Calculate j(26).
-7
Let p(o) = o**3 - 48*o**2 - 266*o + 16472. Calculate p(46).
4
Let h(x) = 1244*x + 136835. What is h(-110)?
-5
Let x(o) = o. Give x(6).
6
Let s(v) = -v**3 - 6*v**2 - 5*v - 20. Give s(-7).
64
Let t(l) = l**3 + 11*l**2 - 7*l - 83. Determine t(-11).
-6
Let r(m) = -30*m - 648. What is r(-12)?
-288
Let j(w) = 62*w + 3641. Determine j(-59).
-17
Let h(c) = -49*c - 587. Calculate h(-15).
148
Let h(u) = -30*u**2 + 68*u - 34. What is h(2)?
-18
Let j(g) = -g**2 - 99*g - 363. Determine j(-4).
17
Let j(a) = 67*a + 3727. Determine j(-54).
109
Let s(p) = -15*p**3 - 49*p**2 + 8*p + 5. Determine s(-5).
615
Let m(f) = -f**2 - 35*f + 455. Calculate m(10).
5
Let p(c) =